he prime factors of r?
3
Suppose -3*w + 16 = w. Suppose -d - 9 = -w*d. List the prime factors of d.
3
Let y = -31 + 156. List the prime factors of y.
5
Suppose 3*n = q - 6*q + 569, -5*q + 767 = 4*n. What are the prime factors of n?
2, 3, 11
Let s(j) = 26*j**2 + 6*j - 5. What are the prime factors of s(3)?
13, 19
Let w be (7/2)/((-1)/(-24)). Let y = w - 51. List the prime factors of y.
3, 11
Let s(q) = q**3 - q**2 - 2*q + 2. Let i be s(2). Suppose -a + 72 = 4*z, i*z + 5*a + 14 = 32. List the prime factors of z.
19
Let o(a) be the first derivative of -a**3 + 5*a**2 + 5*a + 1. Let w(l) = -2*l**2 + 5*l + 3. Let s(d) = 3*o(d) - 5*w(d). List the prime factors of s(-6).
2, 3
What are the prime factors of (-6)/(-4) + (-3438)/(-36)?
97
Let b be 16/6*(2 - -1). Let p be 3/6*-1*-38. Let q = p - b. What are the prime factors of q?
11
Let b(h) = 14*h. Let z be b(1). Suppose -z = g + 5*x, 2*g + 28 = -2*x + x. Let t = g + 25. What are the prime factors of t?
11
Let c(p) = -p + 1. Let b be c(-4). Let q be 37/b + 4/(-10). Let g(s) = s**2 - 8*s + 9. List the prime factors of g(q).
2
List the prime factors of -2*-4*1 + 4 + -6.
2, 3
Suppose -4*a + 52 = -3*a. Suppose -m - a = m. List the prime factors of m/(-6) + (-4)/12.
2
Suppose -5*t = -340 + 80. Suppose h + 0*h = 2*n + 16, -4*h = -2*n - t. What are the prime factors of h?
2, 3
Suppose -k + 0*k = 2. Let g(x) = -2. Let o(h) = h - 3. Let b(s) = k*g(s) + 3*o(s). List the prime factors of b(4).
7
What are the prime factors of (-1)/((7/(-28))/((-83)/(-4)))?
83
Let b = -4 + 6. Suppose 2*q - 22 = -3*z, b*z = -0*z + 4*q - 12. List the prime factors of z.
2
Suppose -2*n = -4*x - 12, 38 = -2*n + 7*n - 2*x. Suppose -g + n = g. Suppose -15 = -g*p + 37. What are the prime factors of p?
13
Suppose 0*d - d = -3. Suppose 1 = d*y - 2*y. Let l(o) = 17*o**2. What are the prime factors of l(y)?
17
Suppose -5*c + 927 = 337. What are the prime factors of c?
2, 59
Suppose 0 = 3*m - 2*m - 14. Let t = m - 0. List the prime factors of t.
2, 7
Suppose p + 2 - 4 = 0. Suppose -p*n - 2*n + 52 = 0. List the prime factors of n.
13
Let p = 3 + -2. Suppose 13 = 3*t + p. Suppose -t*h + 27 = -13. What are the prime factors of h?
2, 5
Let c(x) = 11*x**2 + 5*x. List the prime factors of c(5).
2, 3, 5
Let t(o) = -2*o + 8. Let r be t(7). Let p(v) = v**3 + 7*v**2 + 4*v - 5. What are the prime factors of p(r)?
7
Let p(s) = s**3 - 5*s**2 - 7*s + 7. Let j be p(6). Let f(q) = 48*q**3 + q**2. What are the prime factors of f(j)?
7
Suppose -5*s + 5*g + 73 = 4*g, 2*s - 22 = 4*g. What are the prime factors of s?
3, 5
Let m be 2 - (-6)/9*3. Let x = m - -6. List the prime factors of x.
2, 5
Suppose -2*c = 5*q - 38, -4*c = 4*q + c - 27. Suppose p - q = -0*p. List the prime factors of p.
2
Let j(l) = -2*l + 15. List the prime factors of j(-11).
37
Let t(j) = -j**3 + 5*j**2 - 5*j + 6. Let w(l) = l**2 - l + 2. Let x be w(0). Let s be 2 + x/(3 - 2). What are the prime factors of t(s)?
2
Suppose -93 - 831 = -6*k. List the prime factors of k.
2, 7, 11
Let a(b) = -b**3 - b**2 - b + 2. Let h(t) = -t**2 + 2*t - 3. Let m be h(0). What are the prime factors of a(m)?
23
Let s(x) be the third derivative of x**6/120 - 3*x**5/20 + x**4/12 - x**3 + 5*x**2. What are the prime factors of s(9)?
2, 3
Suppose -2*f - 96 = -5*f. Suppose 0*j = -4*j + f. What are the prime factors of j?
2
List the prime factors of ((-9)/4)/((-9)/168).
2, 3, 7
Let i be (-92)/(-10)*(2 + 3). Suppose w + 72 = 5*n + 2*w, 3*n = -2*w + i. List the prime factors of n.
2, 7
Suppose -3*f - 23 = 2*q, -2*f + 3*q = -0*f + 24. Let p be 2/9 + (-34)/f. Suppose p*v = 2*v + 26. What are the prime factors of v?
13
Let g(k) = 2*k**2 - 6*k + 1. List the prime factors of g(6).
37
Let o(p) = -10*p - 11. List the prime factors of o(-13).
7, 17
Suppose 0 = -6*p + 3*p. What are the prime factors of -9 + 28 + p/(-1)?
19
Let v be (0 - (3 - 3))/(-2). Suppose 5*f + 4*y = -v*y + 141, 5*y = -2*f + 53. List the prime factors of f.
29
Suppose 102 = 5*z + y, 0 = 2*z + y - 7 - 32. What are the prime factors of z?
3, 7
List the prime factors of 12/66 + 194/22.
3
Suppose -2*v - 1 = -5. Suppose l = -2*x + 5*l, -3*l = -5*x + 28. Suppose -v*s = 2*s - x. What are the prime factors of s?
2
Let d be -1*1*(2 - -8). Let m = d + 21. List the prime factors of m.
11
Suppose -2*h = 3*y - 104, 2*y - 6*y - 2*h + 142 = 0. List the prime factors of y.
2, 19
List the prime factors of 79 - ((-1)/1 - 0).
2, 5
Suppose 2*j = -j + 183. Let z = 94 - j. What are the prime factors of z?
3, 11
Suppose 99 + 50 = 3*l + 5*d, 0 = 3*d + 15. What are the prime factors of l?
2, 29
Suppose -6 = -4*u - 2*d + 12, 3*d - 11 = -2*u. Suppose 4*x - 37 = -2*l - 1, 0 = -5*x + u*l + 71. List the prime factors of x.
11
Let w = 356 - 157. List the prime factors of w.
199
Let v(r) = -2*r**3 - 5*r**2 + 2*r - 1. Let c(f) = -f**2 + f. Let a(x) = 3*c(x) - v(x). List the prime factors of a(2).
3
Let a(g) = 16*g - 1. What are the prime factors of a(1)?
3, 5
Let u(k) = -k**3 + 4*k**2 - 3*k. Let i be u(2). Suppose -6 - 12 = -3*q - 4*m, -3*q + i*m = 0. Suppose q*o = 7*o - 25. List the prime factors of o.
5
Let c = 2 - 3. Let v(p) = -p**3 - p + 17. Let x be v(0). What are the prime factors of x/3 + c/(-3)?
2, 3
Let l(a) = a**3 + 6*a**2 + 2*a + 5. List the prime factors of l(-5).
2, 5
Let a = 26 + -11. Suppose -2*w - a = -3*w. List the prime factors of w.
3, 5
Suppose 0 = o + o - 8. Suppose 3*b - 3*g = 39, -4*b + b + o*g + 35 = 0. What are the prime factors of b?
17
Let u be 1/(((-9)/(-6))/3). Let w = u + 20. What are the prime factors of w?
2, 11
Let m be 2/(-1 - (-3 + 1)). Suppose -4*h + 0*w + 2*w = -448, m*h - 224 = 5*w. Suppose -5*j + 2*b = -b - h, 4*j - 64 = -4*b. List the prime factors of j.
2, 5
Let z(c) = 2*c + 6. Let g be z(-7). Let h = -3 - g. Suppose -4*x + 7 = 4*p - h, 3*x + 5*p = -1. List the prime factors of x.
2
Suppose -4*p - 56 = -2*o, 14 = -5*o - 4*p + 112. What are the prime factors of o?
2, 11
Suppose 98 = 2*b - 4*a + 2, -2*a + 216 = 5*b. What are the prime factors of b?
2, 11
Suppose -4*l = -5*c + 20, -5*c - l - 2 = 3. Suppose 4*s = h - 4*h + 49, -4*s + 2*h + 34 = c. List the prime factors of s.
2, 5
Let d(x) = 23*x + 3. What are the prime factors of d(1)?
2, 13
Suppose 5*t = 2*t. Suppose -8 = g - t. What are the prime factors of (4 + -3)*-1*g?
2
Suppose -2*x - 103 = -5*j, -4*x + x = 12. Let d = j - -10. What are the prime factors of d?
29
Let h(q) = q**3 + 11*q**2 + 9. Let c be h(-11). Let p = 3 + c. What are the prime factors of p?
2, 3
Let r be (-3 - -4) + 21 - -3. Let q = r - 17. What are the prime factors of q?
2
What are the prime factors of 798/28*(-2)/(-3)?
19
List the prime factors of ((-78)/5)/((-39)/130).
2, 13
Let v(j) be the third derivative of j**4/6 + 2*j**3/3 + 2*j**2. Let c be v(-6). Let z = -10 - c. What are the prime factors of z?
2, 5
Suppose -2*h - 1 = -11. Suppose h*a - 64 = 16. What are the prime factors of a?
2
Let k = 106 - 39. Let l = k - 37. List the prime factors of l.
2, 3, 5
Let q(l) = -9*l**2 + l. Let j be q(-1). List the prime factors of (-4)/j - (-118)/5.
2, 3
List the prime factors of (-5)/(-2) - 3/(-6).
3
Let g be ((-16)/10)/(3/(-15)). Let a be 0*(10/5 - 3/1). Suppose t - g - 9 = a. List the prime factors of t.
17
Let s be (4 + -7)/(3/(-4)). Suppose s*q + 17 = 5*q. Suppose -p + q = 5*z + p, -5*z = 5*p - 5. List the prime factors of z.
5
Suppose -3*h - 54 = -3*y, y = -3*y + 3*h + 75. List the prime factors of y.
3, 7
List the prime factors of (-300)/(-44) - (-4)/22.
7
Let h(o) = -o**2 + o - 1. Let u be h(1). Let c = -3 - -14. What are the prime factors of c/(1 - u - 1)?
11
Let v be (9/(-6))/(3/(-6)). Suppose 0 = -v*h + 26 + 58. List the prime factors of h.
2, 7
Suppose 3*l + 356 = 7*l. Suppose 5*d - l = -19. What are the prime factors of d?
2, 7
Suppose 2*w + 10 - 16 = 0. List the prime factors of w.
3
Suppose 3*j - h - 544 = 0, 3*h - 178 = j - 2*j. What are the prime factors of j?
181
Let k = 5 + -6. Let u be (-44)/(-12)*(5 - 2). Let g = u + k. List the prime factors of g.
2, 5
Let b(v) be the first derivative of -v**3/3 - v**2/2 + 4*v + 5. List the prime factors of b(0).
2
Suppose -26 = -4*g + 3*g + m, -2*g - 4*m = -34. Let c be 0 + 0 + (3 - -2). Suppose 0 = -0*t - 3*t - n + g, -c*t + 4*n = -44. What are the prime factors of t?
2
Suppose 